are the prime factors of 6748?
2, 7, 241
List the prime factors of 7018.
2, 11, 29
What are the prime factors of 3440?
2, 5, 43
List the prime factors of 75908.
2, 7, 2711
What are the prime factors of 70110?
2, 3, 5, 19, 41
What are the prime factors of 1880?
2, 5, 47
List the prime factors of 11497.
11497
What are the prime factors of 16323?
3, 5441
List the prime factors of 2747.
41, 67
What are the prime factors of 144?
2, 3
List the prime factors of 19794.
2, 3, 3299
List the prime factors of 6923.
7, 23, 43
List the prime factors of 322.
2, 7, 23
List the prime factors of 1589.
7, 227
What are the prime factors of 465?
3, 5, 31
List the prime factors of 152339.
11, 1259
List the prime factors of 30309.
3, 10103
What are the prime factors of 54478?
2, 27239
List the prime factors of 410.
2, 5, 41
List the prime factors of 2222.
2, 11, 101
What are the prime factors of 710?
2, 5, 71
What are the prime factors of 1640?
2, 5, 41
What are the prime factors of 31506?
2, 3, 59, 89
What are the prime factors of 4136?
2, 11, 47
List the prime factors of 2728.
2, 11, 31
What are the prime factors of 3169?
3169
What are the prime factors of 101053?
139, 727
What are the prime factors of 9882?
2, 3, 61
List the prime factors of 1772.
2, 443
What are the prime factors of 19476?
2, 3, 541
List the prime factors of 3530.
2, 5, 353
What are the prime factors of 1140?
2, 3, 5, 19
What are the prime factors of 1055?
5, 211
What are the prime factors of 123294?
2, 3, 20549
List the prime factors of 14427.
3, 7, 229
List the prime factors of 6095.
5, 23, 53
What are the prime factors of 8039?
8039
What are the prime factors of 2676?
2, 3, 223
What are the prime factors of 18891?
3, 2099
List the prime factors of 117311.
73, 1607
What are the prime factors of 47978?
2, 7, 23, 149
What are the prime factors of 21704?
2, 2713
What are the prime factors of 22054?
2, 11027
List the prime factors of 323.
17, 19
List the prime factors of 2069.
2069
List the prime factors of 8803.
8803
List the prime factors of 4177.
4177
List the prime factors of 34849.
34849
List the prime factors of 3700.
2, 5, 37
What are the prime factors of 796?
2, 199
List the prime factors of 796.
2, 199
What are the prime factors of 29439?
3, 3271
What are the prime factors of 8825?
5, 353
What are the prime factors of 36558?
2, 3, 677
What are the prime factors of 156?
2, 3, 13
What are the prime factors of 5624?
2, 19, 37
List the prime factors of 41436.
2, 3, 1151
List the prime factors of 14342.
2, 71, 101
List the prime factors of 33695.
5, 23, 293
List the prime factors of 286.
2, 11, 13
What are the prime factors of 6567?
3, 11, 199
List the prime factors of 66951.
3, 43, 173
List the prime factors of 4435.
5, 887
List the prime factors of 1373.
1373
What are the prime factors of 41677?
71, 587
What are the prime factors of 1757?
7, 251
What are the prime factors of 74788?
2, 7, 2671
List the prime factors of 14463.
3, 1607
What are the prime factors of 80?
2, 5
What are the prime factors of 89?
89
What are the prime factors of 1208?
2, 151
List the prime factors of 14855.
5, 2971
List the prime factors of 81.
3
What are the prime factors of 550?
2, 5, 11
List the prime factors of 250.
2, 5
List the prime factors of 14781.
3, 13, 379
List the prime factors of 366.
2, 3, 61
What are the prime factors of 64884?
2, 3, 5407
List the prime factors of 46260.
2, 3, 5, 257
List the prime factors of 121.
11
List the prime factors of 5882.
2, 17, 173
List the prime factors of 4657.
4657
List the prime factors of 6878.
2, 19, 181
List the prime factors of 2732.
2, 683
What are the prime factors of 355?
5, 71
What are the prime factors of 30582?
2, 3, 1699
What are the prime factors of 44870?
2, 5, 7, 641
What are the prime factors of 6636?
2, 3, 7, 79
What are the prime factors of 6288?
2, 3, 131
List the prime factors of 3139.
43, 73
List the prime factors of 377.
13, 29
What are the prime factors of 746?
2, 373
What are the prime factors of 56094?
2, 3, 9349
List the prime factors of 125870.
2, 5, 41, 307
List the prime factors of 33569.
33569
List the prime factors of 12074.
2, 6037
What are the prime factors of 59?
59
List the prime factors of 15194.
2, 71, 107
List the prime factors of 8839.
8839
What are the prime factors of 3120?
2, 3, 5, 13
What are the prime factors of 42636?
2, 3, 11, 17, 19
List the prime factors of 19458.
2, 3, 23, 47
What are the prime factors of 86790?
2, 3, 5, 11, 263
List the prime factors of 64149.
3, 21383
What are the prime factors of 6125?
5, 7
What are the prime factors of 16861?
13, 1297
What are the prime factors of 1391?
13, 107
What are the prime factors of 10540?
2, 5, 17, 31
List the prime factors of 1323.
3, 7
What are the prime factors of 44316?
2, 3, 1231
List the prime factors of 112914.
2, 3, 17, 41
List the prime factors of 1328.
2, 83
List the prime factors of 2233.
7, 11, 29
What are the prime factors of 2130?
2, 3, 5, 71
What are the prime factors of 7284?
2, 3, 607
What are the prime factors of 5857?
5857
List the prime factors of 50223.
3, 16741
What are the prime factors of 4653?
3, 11, 47
List the prime factors of 55769.
7, 31, 257
List the prime factors of 4716.
2, 3, 131
List the prime factors of 13405.
5, 7, 383
What are the prime factors of 3390?
2, 3, 5, 113
List the prime factors of 6649.
61, 109
What are the prime factors of 9418?
2, 17, 277
What are the prime factors of 54139?
54139
List the prime factors of 18133.
18133
List the prime factors of 1991.
11, 181
What are the prime factors of 1093?
1093
List the prime factors of 36763.
97, 379
List the prime factors of 17.
17
List the prime factors of 79673.
11, 7243
List the prime factors of 31731.
3, 7, 1511
What are the prime factors of 28646?
2, 14323
List the prime factors of 23319.
3, 2591
List the prime factors of 21053.
37, 569
What are the prime factors of 340?
2, 5, 17
List the prime factors of 454.
2, 227
What are the prime factors of 11449?
107
What are the prime factors of 19635?
3, 5, 7, 11, 17
List the prime factors of 10783.
41, 263
What are the prime factors of 9790?
2, 5, 11, 89
What are the prime factors of 8209?
8209
What are the prime factors of 87345?
3, 5, 647
List the prime factors of 32311.
79, 409
List the prime factors of 3187.
3187
List the prime factors of 56873.
56873
What are the prime factors of 269?
269
List the prime factors of 7717.
7717
What are the prime factors of 28778?
2, 14389
List the prime factors of 817.
19, 43
What are the prime factors of 26814?
2, 3, 41, 109
What are the prime factors of 3934?
2, 7, 281
What are the prime factors of 1871?
1871
List the prime factors of 1386.
2, 3, 7, 11
List the prime factors of 748.
2, 11, 17
List the prime factors of 22374.
2, 3, 11, 113
What are the prime factors of 1320?
2, 3, 5, 11
List the prime factors of 319.
11, 29
List the prime factors of 5574.
2, 3, 929
List the prime factors of 241.
241
What are the prime factors of 6399?
3, 79
What are the prime factors of 40030?
2, 5, 4003
List the prime factors of 10447.
31, 337
List the prime factors of 96815.
5, 17, 67
List the prime factors of 2042.
2, 1021
What are the prime factors of 10552?
2, 1319
List the prime factors of 5155.
5, 1031
List the prime factors of 84.
2, 3, 7
What are the prime factors of 55?
5, 11
What are the prime factors of 1033?
1033
What are the prime factors of 4073?
4073
What are the prime factors of 56812?
2, 7, 2029
What are the prime factors of 1790?
2, 5, 179
List the prime factors of 1075.
5, 43
What are the prime factors of 328?
2, 41
List the prime factors of 947.
947
What are the prime factors of 13137?
3, 29, 151
List the prime factors of 2839.
17, 167
List the prime factors of 13764.
2, 3, 31, 37
What are the prime factors of 776?
2, 97
What are the prime factors of 98?
2, 7
What are the prime factors of 229?
229
What are the prime factors of 1094?
2, 547
List the prime factors of 2281.
2281
What are the prime factors of 7444?
2, 1861
What are the prime factors of 1031?
1031
List the prime factors of 2750.
2, 5, 11
List the prime factors of 99609.
3, 33203
What are the prime factors of 78044?
2, 109, 179
What are the prime factors of 41223?
3, 7, 13, 151
What are the prime factors of 2460?
2, 3, 5, 41
List the